{"id":1240,"date":"2021-05-17T09:30:25","date_gmt":"2021-05-17T08:30:25","guid":{"rendered":"https:\/\/www.adnsolution.net\/mba2\/?page_id=1240"},"modified":"2021-05-17T09:30:25","modified_gmt":"2021-05-17T08:30:25","slug":"preservation-des-collections","status":"publish","type":"page","link":"https:\/\/www.adnsolution.net\/mba2\/les-collections\/preservation-des-collections\/","title":{"rendered":"Pr\u00e9servation des Collections"},"content":{"rendered":"<p>C\u2019est pendant le mois du patrimoine que le MPNBA a inaugur\u00e9 son nouvel atelier de restauration des arts graphiques.<\/p>\n<p>Cet atelier r\u00e9cemment am\u00e9nag\u00e9, s\u2019inscrit dans le cadre de la strat\u00e9gie de pr\u00e9servation des collections qui a port\u00e9 autant sur la mise aux normes des r\u00e9serves que sur l\u2019am\u00e9lioration des moyens de la prise en charge des collections, notamment pour la remise en \u00e9tat des \u0153uvres.<\/p>\n<p>Afin de marquer cet \u00e9v\u00e8nement une conf\u00e9rence a \u00e9t\u00e9 anim\u00e9e le 07 mai 2014 par Hayet TOUAIBIA, Conservatrice en Chef du Patrimoine, au profit des professionnels des mus\u00e9es, des \u00e9tudiants et du grand public.<\/p>\n<p>Elle a port\u00e9 sur les facteurs et les effets de d\u00e9gradation des \u0153uvres d\u2019art et des documents sur papier ainsi que sur les principales m\u00e9thodes et techniques de leur restauration. Une s\u00e9ance de d\u00e9monstration en laboratoire s\u2019est tenue le 08 mai 2014, pendant laquelle la conf\u00e9renci\u00e8re a r\u00e9alis\u00e9 quelques interventions de restauration sur deux \u0153uvres du Cabinet des estampes.<\/p>\n<p>Par ailleurs, une deuxi\u00e8me s\u00e9ance de d\u00e9monstration a \u00e9t\u00e9 anim\u00e9e par Salim CHOUIDER , ing\u00e9nieur d\u2019Etat en bio-chimie et a port\u00e9 sur la d\u00e9contamination des \u0153uvres d\u2019art infest\u00e9es par les insectes ou infect\u00e9es par les microorganismes.<\/p>\n","protected":false},"excerpt":{"rendered":"<p>C\u2019est pendant le mois du patrimoine que le MPNBA a inaugur\u00e9 son nouvel atelier de restauration des arts graphiques. Cet atelier r\u00e9cemment am\u00e9nag\u00e9, s\u2019inscrit dans le cadre de la strat\u00e9gie de pr\u00e9servation des collections qui a port\u00e9 autant sur la mise aux normes des r\u00e9serves que sur l\u2019am\u00e9lioration des moyens de la prise en charge &hellip;<\/p>\n","protected":false},"author":1,"featured_media":0,"parent":927,"menu_order":0,"comment_status":"closed","ping_status":"closed","template":"","meta":{"footnotes":""},"class_list":["post-1240","page","type-page","status-publish",""],"_links":{"self":[{"href":"https:\/\/www.adnsolution.net\/mba2\/wp-json\/wp\/v2\/pages\/1240","targetHints":{"allow":["GET"]}}],"collection":[{"href":"https:\/\/www.adnsolution.net\/mba2\/wp-json\/wp\/v2\/pages"}],"about":[{"href":"https:\/\/www.adnsolution.net\/mba2\/wp-json\/wp\/v2\/types\/page"}],"author":[{"embeddable":true,"href":"https:\/\/www.adnsolution.net\/mba2\/wp-json\/wp\/v2\/users\/1"}],"replies":[{"embeddable":true,"href":"https:\/\/www.adnsolution.net\/mba2\/wp-json\/wp\/v2\/comments?post=1240"}],"version-history":[{"count":1,"href":"https:\/\/www.adnsolution.net\/mba2\/wp-json\/wp\/v2\/pages\/1240\/revisions"}],"predecessor-version":[{"id":1241,"href":"https:\/\/www.adnsolution.net\/mba2\/wp-json\/wp\/v2\/pages\/1240\/revisions\/1241"}],"up":[{"embeddable":true,"href":"https:\/\/www.adnsolution.net\/mba2\/wp-json\/wp\/v2\/pages\/927"}],"wp:attachment":[{"href":"https:\/\/www.adnsolution.net\/mba2\/wp-json\/wp\/v2\/media?parent=1240"}],"curies":[{"name":"wp","href":"https:\/\/api.w.org\/{rel}","templated":true}]}}